- q + 25. Let l be a(0). Let b = 7 - 11. Let n be 2/(b/(-550) + 0). Calculate the greatest common divisor of n and l.
25
Suppose -3*b + 91 = -n, b + 1 - 8 = 5*n. Let u = -19 + b. Calculate the greatest common factor of 13 and u.
13
Suppose -l + 23 = -307. Let a be (-1)/6 + l/36. Let u be 27/(-1 - 8/(-6)). What is the highest common factor of a and u?
9
Let z(d) = d**2 + 16. Let h be 0*(1 + (-4)/3). Let b be z(h). Suppose 4*v - 106 + 22 = -4*u, 4*v - 3*u = 105. What is the greatest common factor of v and b?
8
Let q be 0 + 6 - (-38 + -30). What is the greatest common divisor of q and 629?
37
Suppose 0 = 818*s - 810*s - 2720. What is the greatest common divisor of 51 and s?
17
Let m = 309 - 97. Suppose 0 = 12*l - m - 124. Suppose 2*f + 276 = 4*q, -q + 3*f = -26 - 38. What is the greatest common factor of l and q?
14
Let g = 1330 - 1210. Calculate the greatest common factor of g and 465.
15
Suppose 4*a = 4*m - 168, 27 + 25 = m + a. Let l(t) = 128*t + 5. Let j be l(4). What is the greatest common factor of m and j?
47
Suppose 3*c = -j + 32 + 29, 3*j = -3*c + 69. Let z = 31 - c. Calculate the greatest common divisor of z and 8.
4
Suppose -44 = -2*r - 3*d, -r - 53 = -4*r + 2*d. Suppose 3*q + 42 = 2*y + 4*q, 5*q - 115 = -5*y. What is the greatest common divisor of y and r?
19
Let n = -264 - -163. Let v = n + 106. Calculate the highest common divisor of 15 and v.
5
Suppose -3*m + 570 = 5*x - 2*x, 4*x - 3*m = 760. Suppose 7*j - 188 = x. Calculate the greatest common divisor of j and 216.
54
Let a(n) = -n**2 + 35*n + 52. Let c be a(15). Calculate the greatest common factor of 11 and c.
11
Suppose -3*j + 18 = 3*t, 0 = 5*j + 5*t - 8*t - 62. What is the greatest common factor of j and 5?
5
Let b(j) = 2*j**2 - 16*j - 7. Let w be b(-3). Suppose 5*h - 2635 = 4*g, -5*g - 1071 - 1559 = -5*h. Calculate the highest common factor of w and h.
59
Suppose 0 = 2*u + 3*u - 30. Suppose 2*y + 3 - 9 = 0. What is the highest common divisor of y and u?
3
Let t(w) = 2*w**2 - 15*w + 24. Let f be t(2). Calculate the greatest common factor of f and 29.
1
Suppose 5016 = 4*m - 10*m. Let b be (-5)/(-25) - m/20. What is the highest common factor of b and 21?
21
Suppose -24*c + 854 = -17*c. Suppose 10*n - 482 = -c. What is the greatest common divisor of 12 and n?
12
Let n = -3 + 5. Let o be (-216)/(-1 - -2 - n). Suppose o = 3*f - 0*f. What is the highest common divisor of f and 8?
8
Suppose 5*y - 55 = 3*n, 0*n = 2*y - 3*n - 22. Suppose 271 + 125 = 4*a. Calculate the greatest common factor of y and a.
11
Suppose 3405 = 18*u + 14*u + 685. Let g(v) = -2*v + 4. Let n(f) = f + 1. Let m(y) = -g(y) + 6*n(y). Let l be m(4). What is the highest common factor of l and u?
17
Let a be 3*133/63 + (-2)/(-3). Let i = -44 - -28. Let f = 72 + i. What is the highest common factor of f and a?
7
Let s(t) = t - 2. Let o be s(6). Suppose 10*l = 11*l + 2. Let h be (-3 - 5)/(-4 - l). Calculate the highest common divisor of h and o.
4
Suppose 2*l + 4*q = 392, 10*q = -5*l + 8*q + 988. What is the highest common factor of 36 and l?
18
Let l = 26 + -28. Let w be 34/4 - l/(-4). Suppose -t + 8 = -0. What is the greatest common divisor of w and t?
8
Let g be 4/(-4*2/28)*-1. What is the highest common factor of 3374 and g?
14
Let j(o) = -3*o. Let w be j(-10). Suppose -85 = -2*a + 5*g + 10, 2*a + 5*g = 85. What is the greatest common factor of a and w?
15
Let p be 2 + 4 + -3 - 1. Let k = 2 + p. Suppose 2*b - 24 = -2*b. Calculate the highest common divisor of b and k.
2
Let j(i) = i**3 + 8*i**2 + 9*i + 17. Let o be j(-7). Suppose 189 = 5*n + f - 4*f, -5*n + 201 = o*f. Calculate the greatest common factor of n and 13.
13
Let v(i) be the third derivative of i**5/20 + 23*i**4/24 - 5*i**3/3 + 18*i**2. Let r be v(-10). Calculate the highest common divisor of 20 and r.
20
Let g = 2 + 12. Let p = 347 + -333. What is the greatest common factor of g and p?
14
Let p be 2/9 + 4540/(-18). Suppose -2*r + 3 = 1. Let s be -3*r + p/(-12). Calculate the highest common divisor of 6 and s.
6
Let f = -43 + 29. Let d(k) = k**2 + 14*k + 7. Let i be d(f). What is the greatest common divisor of i and 77?
7
Suppose 0*v - 3*v + 21 = 0. Let q(g) = g**2 + 2*g. Let s be q(-3). Suppose -5*h = -2*p - s*p + 35, 5*p = h + 35. What is the greatest common divisor of p and v?
7
Let v = -14 - -19. Suppose 0 = 2*r - r - 22. Suppose r = 3*z - 38. What is the highest common divisor of z and v?
5
Let m be (-6)/(-9)*6 + -4. Suppose 0 = -y + 5*w + 289, m*w - 4*w + 262 = y. Let o = y + -184. Calculate the greatest common factor of 10 and o.
10
Let r = -61 + 79. Let z be 80/(-100) - r/(-10). Calculate the highest common divisor of z and 9.
1
Suppose -4*r = 5*z - 192, -z - 130 - 86 = -4*r. What is the highest common factor of r and 265?
53
Suppose 0 = 12*p - 13*p + 17. Calculate the highest common factor of p and 221.
17
Let r be 18/(-12)*-6*(-6)/(-27). Suppose 2*l + 5*j = -r + 238, 412 = 4*l - 5*j. Calculate the greatest common factor of 12 and l.
12
Suppose -u + 7 = -4*b, -2*b + 10 = -5*u + 3*b. Let c be u + 3 + 0 + 36. Let f = -55 + 140. Calculate the greatest common factor of c and f.
17
Let u = -526 + 625. Calculate the highest common factor of 33 and u.
33
Let w = 323 - 168. Let s(u) = 11*u + 7. Suppose 2*d + d = 15. Let i be s(d). Calculate the greatest common factor of w and i.
31
Let o = -10 + 12. Suppose -52 = -4*j + 4*t, 0 = o*j - 7*t + 3*t - 36. Suppose -120 = -11*v + j*v. What is the highest common divisor of v and 8?
8
Suppose -2*k + 3*k = 2. Suppose 4*g + 3*i - 20 = 0, k*i = -g - 0*g. Suppose -3*a + 51 + 21 = 0. What is the highest common divisor of a and g?
8
Suppose 6 = o - 4*o, 11 = 3*h - o. Let r be (h + 1)/1 + 2. Let x = 4 + r. Calculate the greatest common divisor of x and 50.
10
Let h = -1542 + 1560. What is the greatest common factor of 18 and h?
18
Let f = 327 - 300. Calculate the greatest common factor of f and 18.
9
Let s be 6 - 1*-11*(56 + -5). What is the greatest common factor of s and 42?
21
Let k = 201 - -159. Calculate the highest common factor of 140 and k.
20
Let s = 24 + -23. Let a = 11 + s. Let t = 82 - -50. What is the greatest common divisor of t and a?
12
Let f be (-3 - -3)*2/4. Suppose f*v = 6*v - 360. What is the greatest common divisor of 20 and v?
20
Suppose -14*b + 5*b - 162 = 0. Let f(p) = -2*p - 22. Let l be f(b). What is the highest common divisor of 21 and l?
7
Let p(a) = -11*a**3 + 2*a**2 - 4*a + 4. Let n be p(3). Let c = -67 + -77. Let h = c - n. Calculate the greatest common factor of 13 and h.
13
Suppose -12*z = -8*z - 548. Let f = z + -50. What is the highest common divisor of 29 and f?
29
Suppose 4*s = 5*i + 675, -i = s - 2*i - 170. What is the highest common factor of 14 and s?
7
Let v = 27 + 58. What is the greatest common factor of v and 51?
17
Let z be (-1 - -11) + (-1 - 0). Suppose -7*c - 72 = -11*c. Calculate the highest common divisor of c and z.
9
Let x(s) = s**3 + 11*s**2 + 14*s - 19. Let r be x(-9). What is the greatest common divisor of r and 391?
17
Let t = 241 + -228. What is the highest common factor of 403 and t?
13
Let k = -137 - -218. Suppose -z = 4*f + 2*z + 79, 3*f - 5*z + k = 0. Let u be (12/(-10))/(f/495). What is the greatest common factor of u and 18?
9
Let f(j) = -j**3 - j**2 + 5*j. Let q be f(-3). Suppose -138 = -3*p - q*w, 2*p + 8*w = 4*w + 100. What is the greatest common factor of p and 112?
14
Let y be ((-9)/15)/(3/(-45)). Suppose -2*v + 3*v = 9. Let t be 6/v + 48/y. What is the greatest common factor of t and 66?
6
Let o be -2 + (3 - 6/(-3)). Calculate the highest common divisor of o and 54.
3
Let r be 24 + -12 + 4/1. Suppose -5*d + 10*d - 1 = -3*q, -r = -4*q - 3*d. What is the greatest common factor of 56 and q?
7
Suppose 38*j + 324 = 56*j. Calculate the highest common divisor of j and 1152.
18
Let j be 13674/45 + (-10)/(-75). Calculate the highest common factor of 16 and j.
16
Let a be (22/(-4))/((-3)/18). Suppose -a*r - 125 = -38*r. What is the greatest common divisor of 25 and r?
25
Suppose 3*q + 21 = c - q, 5*q - 3 = -2*c. Suppose 0 = c*v + v - 170. Calculate the highest common divisor of 17 and v.
17
Let c = 2028 + -1852. Calculate the highest common divisor of 55 and c.
11
Suppose 5*b + 3*d - 27 - 23 = 0, 3*d = -3*b + 36. Let l be b/63 + (-2249)/(-9). Calculate the gr